{"id":14,"date":"2016-09-09T13:54:46","date_gmt":"2016-09-09T12:54:46","guid":{"rendered":"http:\/\/khachatryan.fr\/?page_id=14"},"modified":"2024-06-30T06:07:41","modified_gmt":"2024-06-30T05:07:41","slug":"about","status":"publish","type":"page","link":"https:\/\/khachatryan.fr\/index.php\/about\/","title":{"rendered":"\u00e0 propos"},"content":{"rendered":"<p><img loading=\"lazy\" decoding=\"async\" class=\"alignnone size-large wp-image-1466\" src=\"https:\/\/khachatryan.fr\/wp-content\/uploads\/2024\/06\/i-nkar-1024x670.jpg\" alt=\"\" width=\"869\" height=\"569\" srcset=\"https:\/\/khachatryan.fr\/wp-content\/uploads\/2024\/06\/i-nkar-1024x670.jpg 1024w, https:\/\/khachatryan.fr\/wp-content\/uploads\/2024\/06\/i-nkar-300x196.jpg 300w, https:\/\/khachatryan.fr\/wp-content\/uploads\/2024\/06\/i-nkar-768x503.jpg 768w, https:\/\/khachatryan.fr\/wp-content\/uploads\/2024\/06\/i-nkar-1536x1005.jpg 1536w, https:\/\/khachatryan.fr\/wp-content\/uploads\/2024\/06\/i-nkar-2048x1340.jpg 2048w\" sizes=\"auto, (max-width: 869px) 100vw, 869px\" \/><\/p>\n<p>Bonjour,<\/p>\n<p>Je m\u2019appelle Grigor Khachatryan et je suis photographe professionnel venant d&rsquo;Armenie.<\/p>\n<p>J\u2019ai 45 ans et suis en France depuis 12 ans.<\/p>\n<p>Durant ces ann\u00e9es, j\u2019ai r\u00e9alis\u00e9 vingt\u00a0 expositions, certaines de niveau international.<\/p>\n<p>Le public leur a accord\u00e9 un accueil chaleureux, valorisant ainsi mon travail. Ainsi, je suis enclin \u00e0 chercher \u00e0 perfectionner mon art.<\/p>\n<p>Je suis le cr\u00e9ateur du studio cr\u00e9atif\u00a0 (2018), sp\u00e9cialiste en photographie de portrait, reportages, mariages, nature et \u00e9v\u00e9nements d\u2019entreprises.<\/p>\n<p>Disponible partout en France et \u00e0 l\u2019\u00e9tranger. Je vous pr\u00e9sente ici mon parcours et ma philosophie sur mon m\u00e9tier.<\/p>\n","protected":false},"excerpt":{"rendered":"<p>Bonjour, Je m\u2019appelle Grigor Khachatryan et je suis photographe professionnel venant d&rsquo;Armenie. J\u2019ai 45 ans et suis en France depuis 12 ans. Durant ces ann\u00e9es, j\u2019ai r\u00e9alis\u00e9 vingt\u00a0 expositions, certaines de niveau international. Le public leur a accord\u00e9 un accueil chaleureux, valorisant ainsi mon travail. Ainsi, je suis enclin \u00e0 chercher \u00e0 perfectionner mon art.&hellip;<\/p>\n","protected":false},"author":1,"featured_media":0,"parent":0,"menu_order":0,"comment_status":"closed","ping_status":"closed","template":"","meta":{"footnotes":""},"class_list":["post-14","page","type-page","status-publish","hentry","no-post-thumbnail","post-grid-3-col","entry"],"_links":{"self":[{"href":"https:\/\/khachatryan.fr\/index.php\/wp-json\/wp\/v2\/pages\/14","targetHints":{"allow":["GET"]}}],"collection":[{"href":"https:\/\/khachatryan.fr\/index.php\/wp-json\/wp\/v2\/pages"}],"about":[{"href":"https:\/\/khachatryan.fr\/index.php\/wp-json\/wp\/v2\/types\/page"}],"author":[{"embeddable":true,"href":"https:\/\/khachatryan.fr\/index.php\/wp-json\/wp\/v2\/users\/1"}],"replies":[{"embeddable":true,"href":"https:\/\/khachatryan.fr\/index.php\/wp-json\/wp\/v2\/comments?post=14"}],"version-history":[{"count":13,"href":"https:\/\/khachatryan.fr\/index.php\/wp-json\/wp\/v2\/pages\/14\/revisions"}],"predecessor-version":[{"id":1477,"href":"https:\/\/khachatryan.fr\/index.php\/wp-json\/wp\/v2\/pages\/14\/revisions\/1477"}],"wp:attachment":[{"href":"https:\/\/khachatryan.fr\/index.php\/wp-json\/wp\/v2\/media?parent=14"}],"curies":[{"name":"wp","href":"https:\/\/api.w.org\/{rel}","templated":true}]}}