{"id":26,"date":"2016-09-09T14:01:24","date_gmt":"2016-09-09T13:01:24","guid":{"rendered":"http:\/\/khachatryan.fr\/?page_id=26"},"modified":"2024-06-23T17:25:04","modified_gmt":"2024-06-23T16:25:04","slug":"annonce","status":"publish","type":"page","link":"https:\/\/khachatryan.fr\/index.php\/annonce\/","title":{"rendered":"BIOGRAPHIE"},"content":{"rendered":"<p><img loading=\"lazy\" decoding=\"async\" src=\"https:\/\/khachatryan.fr\/wp-content\/uploads\/2016\/09\/grigor-168-1-791x1024.jpg\" alt=\"\" width=\"791\" height=\"1024\" class=\"alignnone size-large wp-image-702\" srcset=\"https:\/\/khachatryan.fr\/wp-content\/uploads\/2016\/09\/grigor-168-1-791x1024.jpg 791w, https:\/\/khachatryan.fr\/wp-content\/uploads\/2016\/09\/grigor-168-1-232x300.jpg 232w, https:\/\/khachatryan.fr\/wp-content\/uploads\/2016\/09\/grigor-168-1-768x994.jpg 768w\" sizes=\"auto, (max-width: 791px) 100vw, 791px\" \/><img loading=\"lazy\" decoding=\"async\" src=\"https:\/\/khachatryan.fr\/wp-content\/uploads\/2016\/09\/Grigor-Khachatryan-expose-\u00e0-Harmonie-Mutuelle-791x1024.jpg\" alt=\"\" width=\"791\" height=\"1024\" class=\"alignnone size-large wp-image-700\" srcset=\"https:\/\/khachatryan.fr\/wp-content\/uploads\/2016\/09\/Grigor-Khachatryan-expose-\u00e0-Harmonie-Mutuelle-791x1024.jpg 791w, https:\/\/khachatryan.fr\/wp-content\/uploads\/2016\/09\/Grigor-Khachatryan-expose-\u00e0-Harmonie-Mutuelle-232x300.jpg 232w, https:\/\/khachatryan.fr\/wp-content\/uploads\/2016\/09\/Grigor-Khachatryan-expose-\u00e0-Harmonie-Mutuelle-768x994.jpg 768w\" sizes=\"auto, (max-width: 791px) 100vw, 791px\" \/><img loading=\"lazy\" decoding=\"async\" src=\"https:\/\/khachatryan.fr\/wp-content\/uploads\/2016\/09\/df-7-web-38-724x1024.jpg\" alt=\"\" width=\"724\" height=\"1024\" class=\"alignnone size-large wp-image-698\" srcset=\"https:\/\/khachatryan.fr\/wp-content\/uploads\/2016\/09\/df-7-web-38-724x1024.jpg 724w, https:\/\/khachatryan.fr\/wp-content\/uploads\/2016\/09\/df-7-web-38-212x300.jpg 212w, https:\/\/khachatryan.fr\/wp-content\/uploads\/2016\/09\/df-7-web-38-768x1086.jpg 768w\" sizes=\"auto, (max-width: 724px) 100vw, 724px\" \/> height=\u00a0\u00bb300&Prime; class=\u00a0\u00bbalignnone size-medium wp-image-698&Prime; \/><img loading=\"lazy\" decoding=\"async\" class=\"alignnone size-large wp-image-169\" src=\"https:\/\/khachatryan.fr\/wp-content\/uploads\/2016\/09\/INVITATIONS-NICEPHORE-WEB-1-1024x729.jpg\" alt=\"Nicephore+Animaleries-Invitation-2016-V2.indd\" width=\"869\" height=\"619\" srcset=\"https:\/\/khachatryan.fr\/wp-content\/uploads\/2016\/09\/INVITATIONS-NICEPHORE-WEB-1-1024x729.jpg 1024w, https:\/\/khachatryan.fr\/wp-content\/uploads\/2016\/09\/INVITATIONS-NICEPHORE-WEB-1-300x214.jpg 300w, https:\/\/khachatryan.fr\/wp-content\/uploads\/2016\/09\/INVITATIONS-NICEPHORE-WEB-1-768x547.jpg 768w\" sizes=\"auto, (max-width: 869px) 100vw, 869px\" \/><img loading=\"lazy\" decoding=\"async\" class=\"alignnone wp-image-58 size-large\" src=\"https:\/\/khachatryan.fr\/wp-content\/uploads\/2016\/09\/001-1-1024x777.jpg\" alt=\"001\" width=\"869\" height=\"659\" srcset=\"https:\/\/khachatryan.fr\/wp-content\/uploads\/2016\/09\/001-1-1024x777.jpg 1024w, https:\/\/khachatryan.fr\/wp-content\/uploads\/2016\/09\/001-1-300x228.jpg 300w, https:\/\/khachatryan.fr\/wp-content\/uploads\/2016\/09\/001-1-768x583.jpg 768w\" sizes=\"auto, (max-width: 869px) 100vw, 869px\" \/><\/p>\n\n\n<p>Mes amis, mon livre bilingue \u00ab\u00a0Au fond de la tani\u00e8re\u00a0\u00bb a \u00e9t\u00e9 publi\u00e9 r\u00e9cemment. Vous pouvez appeler le 07 53 19 38 81 ou \u00e9crire une lettre personnelle pour l&rsquo;obtenir.<\/p>\n\n\n\n<h2 class=\"wp-block-heading\">AU FOND DE LA TANIERE<\/h2>\n\n\n\n<figure class=\"wp-block-gallery has-nested-images columns-default is-cropped wp-block-gallery-1 is-layout-flex wp-block-gallery-is-layout-flex\">\n<figure class=\"wp-block-image size-large\"><img loading=\"lazy\" decoding=\"async\" width=\"1024\" height=\"683\" data-id=\"1165\" src=\"https:\/\/khachatryan.fr\/wp-content\/uploads\/2024\/06\/122131064_2754609554782124_6815675155588362483_n-1-1024x683.jpg\" alt=\"\" class=\"wp-image-1165\" srcset=\"https:\/\/khachatryan.fr\/wp-content\/uploads\/2024\/06\/122131064_2754609554782124_6815675155588362483_n-1-1024x683.jpg 1024w, https:\/\/khachatryan.fr\/wp-content\/uploads\/2024\/06\/122131064_2754609554782124_6815675155588362483_n-1-300x200.jpg 300w, https:\/\/khachatryan.fr\/wp-content\/uploads\/2024\/06\/122131064_2754609554782124_6815675155588362483_n-1-768x512.jpg 768w, https:\/\/khachatryan.fr\/wp-content\/uploads\/2024\/06\/122131064_2754609554782124_6815675155588362483_n-1-1536x1024.jpg 1536w, https:\/\/khachatryan.fr\/wp-content\/uploads\/2024\/06\/122131064_2754609554782124_6815675155588362483_n-1.jpg 2048w\" sizes=\"auto, (max-width: 1024px) 100vw, 1024px\" \/><\/figure>\n<\/figure>\n\n\n\n<p>Ch\u00e8re amis mon livre \u00ab\u00a0Merveilles de Clermont &#8211; Ferrand\u00a0\u00bb est disponible sur le site\u00a0<a href=\"http:\/\/coollibri.com\/?fbclid=IwZXh0bgNhZW0CMTAAAR3ef_bvZTorTqJ511BG8oulKfew2r3kuvOUTp1chkTASPWpxOshiPJhcUE_aem_yK9n9MRtFBwihVSMtyKZow\" target=\"_blank\" rel=\"noreferrer noopener\">Coollibri.com<\/a><\/p>\n\n\n\n<figure class=\"wp-block-image size-large is-resized\"><img loading=\"lazy\" decoding=\"async\" width=\"1024\" height=\"682\" src=\"https:\/\/khachatryan.fr\/wp-content\/uploads\/2024\/06\/228226082_2970369186539492_4405709298955903750_n-2-1024x682.jpg\" alt=\"\" class=\"wp-image-1171\" style=\"width:841px;height:auto\" srcset=\"https:\/\/khachatryan.fr\/wp-content\/uploads\/2024\/06\/228226082_2970369186539492_4405709298955903750_n-2-1024x682.jpg 1024w, https:\/\/khachatryan.fr\/wp-content\/uploads\/2024\/06\/228226082_2970369186539492_4405709298955903750_n-2-300x200.jpg 300w, https:\/\/khachatryan.fr\/wp-content\/uploads\/2024\/06\/228226082_2970369186539492_4405709298955903750_n-2-768x512.jpg 768w, https:\/\/khachatryan.fr\/wp-content\/uploads\/2024\/06\/228226082_2970369186539492_4405709298955903750_n-2.jpg 1079w\" sizes=\"auto, (max-width: 1024px) 100vw, 1024px\" \/><\/figure>\n","protected":false},"excerpt":{"rendered":"<p>height=\u00a0\u00bb300&Prime; class=\u00a0\u00bbalignnone size-medium wp-image-698&Prime; \/> Mes amis, mon livre bilingue \u00ab\u00a0Au fond de la tani\u00e8re\u00a0\u00bb a \u00e9t\u00e9 publi\u00e9 r\u00e9cemment. Vous pouvez appeler le 07 53 19 38 81 ou \u00e9crire une lettre personnelle pour l&rsquo;obtenir. AU FOND DE LA TANIERE Ch\u00e8re amis mon livre \u00ab\u00a0Merveilles de Clermont &#8211; Ferrand\u00a0\u00bb est disponible sur le site\u00a0Coollibri.com<\/p>\n","protected":false},"author":1,"featured_media":0,"parent":0,"menu_order":0,"comment_status":"closed","ping_status":"closed","template":"","meta":{"footnotes":""},"class_list":["post-26","page","type-page","status-publish","hentry","no-post-thumbnail","post-grid-3-col","entry"],"_links":{"self":[{"href":"https:\/\/khachatryan.fr\/index.php\/wp-json\/wp\/v2\/pages\/26","targetHints":{"allow":["GET"]}}],"collection":[{"href":"https:\/\/khachatryan.fr\/index.php\/wp-json\/wp\/v2\/pages"}],"about":[{"href":"https:\/\/khachatryan.fr\/index.php\/wp-json\/wp\/v2\/types\/page"}],"author":[{"embeddable":true,"href":"https:\/\/khachatryan.fr\/index.php\/wp-json\/wp\/v2\/users\/1"}],"replies":[{"embeddable":true,"href":"https:\/\/khachatryan.fr\/index.php\/wp-json\/wp\/v2\/comments?post=26"}],"version-history":[{"count":15,"href":"https:\/\/khachatryan.fr\/index.php\/wp-json\/wp\/v2\/pages\/26\/revisions"}],"predecessor-version":[{"id":1172,"href":"https:\/\/khachatryan.fr\/index.php\/wp-json\/wp\/v2\/pages\/26\/revisions\/1172"}],"wp:attachment":[{"href":"https:\/\/khachatryan.fr\/index.php\/wp-json\/wp\/v2\/media?parent=26"}],"curies":[{"name":"wp","href":"https:\/\/api.w.org\/{rel}","templated":true}]}}